{"id":18,"date":"2023-02-09T12:05:35","date_gmt":"2023-02-09T12:05:35","guid":{"rendered":"https:\/\/www.medi-vet.com.pl\/?page_id=18"},"modified":"2023-02-09T13:15:50","modified_gmt":"2023-02-09T13:15:50","slug":"jak-obslugiwac-pompy","status":"publish","type":"page","link":"https:\/\/www.medi-vet.com.pl\/index.php\/jak-obslugiwac-pompy\/","title":{"rendered":"Jak obs\u0142ugiwa\u0107 pompy?"},"content":{"rendered":"\n<p><\/p>\n\n\n\n<p>Urz\u0105dzenie po odpowiednim przeszkoleniu jest \u0142atwe i przyjemne w obs\u0142udze. Ustawienia parametr\u00f3w dokonuje si\u0119 w spos\u00f3b nieskomplikowany i intuicyjny. <\/p>\n\n\n\n<ul>\n<li>Pierwszym etapem jest wyb\u00f3r trybu infuzji. <\/li>\n\n\n\n<li>Nast\u0119pnie nale\u017cy wprowadzi\u0107 konkretne parametry takie jak dawka leku oraz szybko\u015b\u0107 infuzji.<\/li>\n<\/ul>\n\n\n\n<p>Wszystkie tryby dzia\u0142ania pompy infuzyjnej s\u0105 opisane w instrukcji, tak wi\u0119c po zapoznaniu si\u0119 z ni\u0105 i kr\u00f3tkim szkoleniu praktycznie ka\u017cdy jest w stanie u\u017cywa\u0107 urz\u0105dzenia w spos\u00f3b poprawny. Przed rozpocz\u0119ciem ka\u017cdego podania p\u0142yn\u00f3w czy lek\u00f3w nale\u017cy pami\u0119ta\u0107 o wype\u0142nieniu drenu zestawu infuzyjnego.<\/p>\n\n\n\n<p>Pompy dodatkowo zwykle alarmuj\u0105 u\u017cytkownika o wyst\u0105pieniu okluzji, zako\u0144czeniu infuzji czy te\u017c niskim poziomie baterii. Sprawia to \u017ce obs\u0142uga urz\u0105dzenia jest jeszcze \u0142atwiejsza i bezpieczniejsza dla pacjenta.<\/p>\n\n\n<figure class=\"wp-block-post-featured-image\"><img width=\"2560\" height=\"1707\" src=\"https:\/\/www.medi-vet.com.pl\/wp-content\/uploads\/2023\/02\/pexels-pranidchakan-boonrom-1350591-1-scaled.jpg\" class=\"attachment-post-thumbnail size-post-thumbnail wp-post-image\" alt=\"\" decoding=\"async\" loading=\"lazy\" srcset=\"https:\/\/www.medi-vet.com.pl\/wp-content\/uploads\/2023\/02\/pexels-pranidchakan-boonrom-1350591-1-scaled.jpg 2560w, https:\/\/www.medi-vet.com.pl\/wp-content\/uploads\/2023\/02\/pexels-pranidchakan-boonrom-1350591-1-300x200.jpg 300w, https:\/\/www.medi-vet.com.pl\/wp-content\/uploads\/2023\/02\/pexels-pranidchakan-boonrom-1350591-1-1024x683.jpg 1024w, https:\/\/www.medi-vet.com.pl\/wp-content\/uploads\/2023\/02\/pexels-pranidchakan-boonrom-1350591-1-768x512.jpg 768w, https:\/\/www.medi-vet.com.pl\/wp-content\/uploads\/2023\/02\/pexels-pranidchakan-boonrom-1350591-1-1536x1024.jpg 1536w, https:\/\/www.medi-vet.com.pl\/wp-content\/uploads\/2023\/02\/pexels-pranidchakan-boonrom-1350591-1-2048x1365.jpg 2048w\" sizes=\"(max-width: 2560px) 100vw, 2560px\" \/><\/figure>","protected":false},"excerpt":{"rendered":"<p>Urz\u0105dzenie po odpowiednim przeszkoleniu jest \u0142atwe i przyjemne w obs\u0142udze. Ustawienia parametr\u00f3w dokonuje si\u0119 w spos\u00f3b nieskomplikowany i intuicyjny. Wszystkie tryby dzia\u0142ania pompy infuzyjnej s\u0105 opisane w instrukcji, tak wi\u0119c po zapoznaniu si\u0119 z ni\u0105 i kr\u00f3tkim szkoleniu praktycznie ka\u017cdy jest w stanie u\u017cywa\u0107 urz\u0105dzenia w spos\u00f3b poprawny. Przed rozpocz\u0119ciem ka\u017cdego podania p\u0142yn\u00f3w czy lek\u00f3w [&hellip;]<\/p>\n","protected":false},"author":1,"featured_media":19,"parent":0,"menu_order":0,"comment_status":"closed","ping_status":"closed","template":"","meta":[],"_links":{"self":[{"href":"https:\/\/www.medi-vet.com.pl\/index.php\/wp-json\/wp\/v2\/pages\/18"}],"collection":[{"href":"https:\/\/www.medi-vet.com.pl\/index.php\/wp-json\/wp\/v2\/pages"}],"about":[{"href":"https:\/\/www.medi-vet.com.pl\/index.php\/wp-json\/wp\/v2\/types\/page"}],"author":[{"embeddable":true,"href":"https:\/\/www.medi-vet.com.pl\/index.php\/wp-json\/wp\/v2\/users\/1"}],"replies":[{"embeddable":true,"href":"https:\/\/www.medi-vet.com.pl\/index.php\/wp-json\/wp\/v2\/comments?post=18"}],"version-history":[{"count":3,"href":"https:\/\/www.medi-vet.com.pl\/index.php\/wp-json\/wp\/v2\/pages\/18\/revisions"}],"predecessor-version":[{"id":42,"href":"https:\/\/www.medi-vet.com.pl\/index.php\/wp-json\/wp\/v2\/pages\/18\/revisions\/42"}],"wp:featuredmedia":[{"embeddable":true,"href":"https:\/\/www.medi-vet.com.pl\/index.php\/wp-json\/wp\/v2\/media\/19"}],"wp:attachment":[{"href":"https:\/\/www.medi-vet.com.pl\/index.php\/wp-json\/wp\/v2\/media?parent=18"}],"curies":[{"name":"wp","href":"https:\/\/api.w.org\/{rel}","templated":true}]}}